360?
14
Suppose 0 = w - 4*r - 89, 4*w + 104 = 5*w + r. Let t = w + -81. What is the remainder when 399 is divided by t?
19
Suppose 3*z - 8842 = -c, -4*c - 6705 = -2*z - 801. What is the remainder when z is divided by 583?
33
Let s(g) = g**2 + 45*g + 325. Let r(u) = u**2 - 4*u - 4. Let l be r(6). Suppose 4 - l = -k. Calculate the remainder when k is divided by s(-9).
0
Let f = 9 - -7. Let b(v) = -2*v + 88. Let w(d) = 5*d - 60. Let o be w(15). Calculate the remainder when b(o) is divided by f.
10
Let a be -4*(-3)/(-12) + 440 + 2. What is the remainder when (20/14)/(9/a*1) is divided by 70?
0
Let q(y) = -5 - 6 - 21*y - 3 + 5 - 5. Suppose 0 = 6*b - b + 35. Calculate the remainder when q(b) is divided by 17.
14
Let f(h) = 10*h + 27. Let l(k) = -120*k - 325. Let d(y) = -35*f(y) - 3*l(y). Let m be d(-13). Let o = 119 + m. What is the remainder when 33 is divided by o?
14
Suppose -122*c + 87*c + 4305 = 0. Calculate the remainder when 471 is divided by c.
102
Suppose 6*v = -2*j + 8, 3*v + v - 32 = -4*j. Let k = -90 - -151. Calculate the remainder when k is divided by j.
1
Let u = -962 - -1193. Suppose 9*s + 3*f = 5*s + u, 5*f = -4*s + 225. What is the remainder when 416 is divided by s?
56
Let c = 40806 - 40649. Suppose 3*j - b - 61 = 8, -2*j + 4*b + 46 = 0. Calculate the remainder when c is divided by j.
19
Let n = -3823 - -3867. Calculate the remainder when 3006 is divided by n.
14
Let x(t) = 2*t + 3. Let a be -5 - -8 - -2*2. Let r(z) = -7*z + 3. Calculate the remainder when r(-4) is divided by x(a).
14
Suppose -9*k = -20*k + 44. Suppose 0 = k*h - 13*h + 27. Let w(s) = 10*s**2. What is the remainder when w(1) is divided by h?
1
Let q(v) = -3*v**3 - 23*v**2 - 4*v - 31. Calculate the remainder when 76 is divided by q(-8).
11
Let u = -345 + 423. Calculate the remainder when u is divided by 33.
12
Suppose s - 39 = -6*u, 5*s + 58*u - 56*u - 55 = 0. What is the remainder when 14803 is divided by s?
7
Let n = 18 - -2. Let b(p) = -22*p**2 + 118*p + 17. What is the remainder when b(5) is divided by n?
17
Suppose -616 = 4*f + q - 5913, -3*q = 5*f - 6630. Calculate the remainder when f is divided by 25.
23
Let f be -3 - (-6*(-3)/(-6) - 15). Suppose -f*n = -29*n + 840. What is the remainder when 124 is divided by n?
4
Let a = -23964 - -24052. What is the remainder when 373 is divided by a?
21
Suppose -172*p + 6557 = 145*p - 734. Let x(u) = -44*u + 1. What is the remainder when x(-2) is divided by p?
20
Suppose -3*b = -6*b + 2*w - 1199, -4*b - 1614 = 5*w. Let l = -632 - -70. Let d = b - l. What is the remainder when d is divided by 27?
26
Suppose 426*j = 418*j + 306 - 106. Let m(v) = 15*v**2 + 3*v + 3. What is the remainder when m(3) is divided by j?
22
Let q(h) = 4*h**2. Suppose -9*d - 9*d = 18. Let p be q(d). Suppose 3*u - 33 = -p*b, u - 30 = 4*b + b. Calculate the remainder when u is divided by 2.
1
Suppose 5*r - 18364 = -4*g, 16*g + 13*r - 9*r = 73520. What is the remainder when g is divided by 177?
171
Let u(c) = 7*c**2 + c + 1. Let i be u(4). Suppose -2*b + i + 9 = 0. Suppose 6*n = 42*n + 4*n - 640. Calculate the remainder when b is divided by n.
15
Suppose 14*w + 158*w = 23*w + 8940. What is the remainder when 959 is divided by w?
59
Suppose -702*m + 1064 = -683*m. What is the remainder when 1197 is divided by m?
21
Let j(n) = n**2 + 17*n + 3. Let m be j(-17). Let p(i) = 2*i**2 - m - 1 - 3. Calculate the remainder when 21 is divided by p(-3).
10
Let k(c) = -235*c + 7073. What is the remainder when 1560 is divided by k(30)?
19
Let y(n) = -n - 3*n**2 + 48 + 20 + 7. Let q be y(0). Suppose -5*l = a - 215, -3*l + a - q + 196 = 0. What is the remainder when l is divided by 15?
12
Let s(c) = -5*c**2 - 213*c - 118. What is the remainder when 176 is divided by s(-42)?
0
Suppose 5 - 8 = -3*m. Let h = 45177 + -45157. What is the remainder when h is divided by m?
0
Suppose -25 - 8 = -3*c. Let u = c + -10. Let i(d) = 8*d. Calculate the remainder when 28 is divided by i(u).
4
Let d be 0/(-3)*((-3)/(-2) + -2). Suppose d = 8*k + 455 - 1455. Let v = 78 - 62. Calculate the remainder when k is divided by v.
13
Let b(n) = 7*n + 62. Let r be b(-6). What is the remainder when 59 is divided by 1085/(-14)*(-8)/r?
28
Let s = -20 + -43. Calculate the remainder when (-44)/(s/15 + 4) is divided by 28.
24
Suppose -10*h - 15*h = 5*h - 1170. What is the remainder when 284 is divided by h?
11
Suppose 0 = z + 3*z - 64. Suppose 14*l = -16*l + 90. Calculate the remainder when z is divided by l.
1
Let p(x) = -2*x**3 - 4*x**2 - 5*x - 17. Let b be p(-4). Let j = -12 + b. Calculate the remainder when 494 is divided by j.
54
Let p = -7478 - -7496. What is the remainder when 267 is divided by p?
15
Calculate the remainder when 1818*16/48 + -2 is divided by 89.
70
Let t be -1 + 2 + 8/1. Let m(p) = -17*p + 190. Let i be m(11). Suppose -5*f = -i*l + 2*l + t, -4*f = 4. Calculate the remainder when l is divided by 2.
0
Let i(a) = a**3 - 16*a**2 + 56*a + 20. Let m be 0 + ((-32)/(-3) - (-15)/45). Calculate the remainder when i(m) is divided by 8.
7
Let z be 216/(-99) + (-6)/(-33). What is the remainder when (z - (-7)/5) + (-534)/(-15) is divided by 18?
17
Let h be (-408)/2 + -5 - (-3 - -6). Let a = h + 283. What is the remainder when a is divided by 24?
23
Suppose -2*v - p + 0*p = -20883, 9*v + 3*p = 93963. Calculate the remainder when v is divided by 24.
22
Suppose 18 = 8*r + 2. Suppose -r*v = -1274 + 480. Suppose 93 = -2*b + v. Calculate the remainder when b is divided by 11.
9
Let x(h) = -21*h**3 - h**2 + 3*h + 3. Suppose -2*a - 133 + 163 = 0. What is the remainder when x(-2) is divided by a?
11
Let t be -48*(25/(-3) + 7). Calculate the remainder when 182 is divided by (5/((-120)/t))/((-2)/36).
38
Let w be 12/66 - (4 - (-65)/55). Let s = -6 - -12. What is the remainder when 1 - (-60)/(-18)*42/w is divided by s?
5
Suppose 2*w = -w, 5*s - w + 1095 = 0. Suppose 136*t + 12314 = -5502. Let r = t - s. What is the remainder when r is divided by 18?
16
Let p = -15235 + 15266. Calculate the remainder when 31835 is divided by p.
29
Suppose 0 = -3*t - t + 56. Suppose -18 = -17*c + t*c. What is the remainder when (-354)/(-4) + c/4 is divided by 31?
28
Suppose 12*i - 8*i - 52 = 0. Suppose v + i - 24 = 0. Calculate the remainder when 76 is divided by v.
10
Let a(k) = -5*k**2 - 19*k - 5. Let w(f) = -4*f**2 - 18*f - 6. Let s(i) = -2*a(i) + 3*w(i). Calculate the remainder when 4/4 - (0 + 7*-8) is divided by s(-6).
9
Suppose -27*h + 47751 = -68052. What is the remainder when h is divided by 74?
71
Suppose 11*p = 13*p - 4*n + 16, 0 = 3*p + 3*n - 21. Calculate the remainder when 16 is divided by p.
0
Let x(w) = 7*w**2 - 52*w - 5. Let g(p) = 59*p - 228. Let f be g(4). Calculate the remainder when 74 is divided by x(f).
20
Let c(d) = d**2 - 2*d + 6. Suppose -209*w = -3486 - 9263. Calculate the remainder when w is divided by c(5).
19
Let f be (-3)/((-81)/738) - 2/(-3). Let x = f + -17. What is the remainder when 136 is divided by x?
4
Let r = -1066 - -362. Let h = r + 815. What is the remainder when h is divided by 1 - (-13 + 0/(-2))?
13
Let x = -555 - -51. Let o be x/(-40) - (-4)/10. Let c(k) = k**3 - 14*k**2 + 13*k + 7. What is the remainder when 68 is divided by c(o)?
5
Let q = -46 + 167. Let p = 182 - q. Calculate the remainder when p is divided by 4/22 + 846/66.
9
Let i(l) = 11*l - 32. Let d be i(3). Suppose 4*q = 4*k - 4 - 36, k + 2*q - 4 = 0. What is the remainder when 2*d*(231/14 + -9) is divided by k?
7
Suppose f - 5*f + 20 = 0. Suppose h = 2*a + 33 + 49, -f*h - 3*a + 345 = 0. Let l = h + -50. Calculate the remainder when 85 is divided by l.
19
Suppose -4*g + 21 = x, 3*g - g + 3*x - 3 = 0. Suppose 113 = -g*p + 845. Calculate the remainder when p is divided by 65.
57
Let l = -42 + 318. Suppose 25981 - 23741 = 56*h. Calculate the remainder when l is divided by h.
36
Suppose -4319*b = -4322*b + 6318. Calculate the remainder when b is divided by 31.
29
Suppose -10*b = -8*b - k - 21762, 43548 = 4*b - 6*k. Calculate the remainder when b is divided by 253.
252
Let w(r) = -8*r - 129. Let z be w(-22). Suppose -42*o = -z*o + 445. Calculate the remainder when o is divided by 7.
5
Let l = -6527 - -6760. Calculate the remainder when 263 is divided by l.
30
Suppose 0 = 40*b - 38*b + 2. Let g = 27 - 39. Let w = b - g. Calcu